/((-6)/20). Suppose -z + 81 = 2*o, -344 = -j*z + 3*o - 6*o. Suppose 2*x = -s - 3*s + 70, 5*s + x - z = 0. What is the units digit of s?
8
Suppose 3*g + 10*y - 66 = 14*y, -4*g + 66 = 2*y. What is the units digit of g?
8
Let t = -29 - -777. What is the units digit of t?
8
What is the units digit of (-3)/(-84)*-12 + (-16148)/(-14)?
3
Let f = 3131 - 1771. What is the hundreds digit of f?
3
Let v = 473 - 447. What is the units digit of v?
6
Let r be 3*(-2 + -1 + -1)/(-6). Suppose 0 = r*j - j - 126. What is the tens digit of j?
2
Let l = 1422 - 972. What is the units digit of l?
0
Let g(i) = 33*i - 13. Let d(w) = 98*w - 38. Let v(l) = 4*d(l) - 11*g(l). What is the tens digit of v(3)?
7
Suppose 52*j - 69*j + 12155 = 0. What is the units digit of j?
5
Suppose a + 2*o = 2*a + 10, 5*a - 3*o = -29. Suppose -3*w = -2*i + 3*i - 20, 2*i = w + 75. Let y = a + i. What is the units digit of y?
1
Let m(r) be the third derivative of -1/4*r**4 - 3/20*r**5 + 2*r**3 + 0*r + 0 + 1/120*r**6 + 4*r**2. What is the units digit of m(10)?
2
Let d = -517 - -1308. What is the tens digit of d?
9
Suppose 5*x + 94 = 2*g + 3*x, 4*x = g - 44. Let i = g + 20. What is the tens digit of i?
6
Let q(p) = 90*p**3 + 2*p - 3. What is the hundreds digit of q(2)?
7
Let a = 127 - 144. What is the hundreds digit of a*-34*(-4)/(-8)?
2
Let j be (25 - -2)/((-15)/10). Let p be 561/(-15) + j/30. Let t = 81 + p. What is the units digit of t?
3
Suppose 25*c - 87755 + 19505 = 0. What is the units digit of c?
0
Suppose -8*f - 71 = -231. Suppose f*p - 1416 = 12*p. What is the hundreds digit of p?
1
Suppose -5*g + 2 = -2*i, g + 44 = -3*i + 7. Let a = i + -1. What is the tens digit of (44/7)/(a/(-42))?
2
Suppose 0 = -2*i - 2*i + 16. Let q(a) = -i + a + 2 + 8. What is the units digit of q(-5)?
1
Suppose 2*n + 1 + 5 = 0, 3*o = -5*n - 546. Let m = o + 265. What is the tens digit of m?
8
Suppose 54*i - 55*i = -3*v - 1342, 4*i - 5368 = -2*v. What is the thousands digit of i?
1
Let z(o) = -o**3 + 4*o**2 + 11*o - 15. Let y be z(7). Let l = 155 + y. Suppose -l = 3*d - 5*d. What is the tens digit of d?
3
Let q = 504 - -103. Suppose 5*u = q - 117. What is the units digit of u?
8
Let k be (-9)/(-3)*((-22)/(-6) - 1). Suppose -129 = -5*l + 3*z, 2*l + k = 4*z + 54. What is the tens digit of l?
2
What is the tens digit of (-25062)/(-9) + (-20)/30?
8
Suppose -5*s = -o - 112, -2*o + 4 = -4*s + 90. Let x = -19 + s. What is the tens digit of 2/(484/(-122) + x)?
6
Let x(p) = -10*p**2 + 161*p + 9. What is the hundreds digit of x(10)?
6
Suppose 2*u = -2*v + 3512, 50*u - 4*v = 52*u - 3522. What is the tens digit of u?
5
Let q be 1/((-2)/4) + 2. Suppose 5*x - 5 = 0, -5*p = -5*x + 7*x - 27. Suppose 0 = 5*r + g + 3*g - 111, p*r - 4*g - 119 = q. What is the tens digit of r?
2
Suppose -2*t - 393 = 5*x + 299, -708 = 5*x - 2*t. What is the units digit of (84/105)/((-2)/x)?
6
Suppose 8*b - 4907 - 941 = 0. What is the hundreds digit of b?
7
Suppose -4*c + 16 = 3*a, 2*c - 5*c - 5 = -2*a. Let g(p) = 11*p + 2. Let l be g(c). Suppose 18*u = l*u + 75. What is the tens digit of u?
1
Let n = 568 + 398. What is the tens digit of n?
6
Let h(i) = 3*i - 15. Let t be h(6). Let u(r) = -r + 3. Let z be u(t). Suppose z = -v - 3 + 38. What is the units digit of v?
5
Let t = 2565 - 1576. What is the hundreds digit of t?
9
Let a be 24/14 - 18/(-63). Suppose -3*r - 2 = a*x, -4*x + 12 = -2*x - 4*r. Suppose -x*i = -f - 51, 0 = -0*i + 5*i + 3*f - 144. What is the tens digit of i?
2
Let y(b) = 755*b**2 + 15*b - 14. What is the hundreds digit of y(1)?
7
Let m = -4 - -10. Let c = -4 + m. What is the units digit of (-2 - -2)/3 + c?
2
Let j(l) = 3*l - 3. Let y be j(2). Suppose 2*d + 4*m - 20 = 0, 2*d - 5*d + 4*m = 0. Let z = d - y. What is the units digit of z?
1
Suppose 0 = 5*s + 3*m - m - 10, -3*m = -3*s + 6. Suppose -4*k + 2*l = -9 - 49, 0 = k + 3*l - 18. Suppose -y + s + k = 0. What is the units digit of y?
7
Let v(d) = -14 + 2*d - 9*d - 1 - 16*d + d**2 - 2*d**2. Let b(u) = -u**3 - 6*u**2 - 2*u - 3. Let s be b(-5). What is the tens digit of v(s)?
7
Let x = -10 + 14. What is the tens digit of (x - (-23 + 1))*1?
2
Let g be (8 - 9)*(-2)/(-2). Let c be -175*4*g/10. Suppose -b = -q - 30, -3*b + 0*q - 2*q = -c. What is the tens digit of b?
2
Suppose 0 = -5*i - 6*l + l + 5260, -4*i - l + 4220 = 0. What is the hundreds digit of i?
0
Let v be (0 + -6)*(4 - 5). Suppose 3*c + v - 84 = 0. Let k = c - 25. What is the units digit of k?
1
Let q(w) = 40*w**2 - 35*w - 189. What is the units digit of q(-5)?
6
Let d = 72 + -24. Let v(f) = f**2 + 13*f + 7. Let o be v(-9). Let r = d + o. What is the units digit of r?
9
Suppose 91 = h - 93. Suppose 34 = 2*d - h. What is the tens digit of d?
0
Let x(m) = -m + 11. Suppose -y = -0*c - 2*c + 13, 0 = -3*y - 3. Let q be x(c). Suppose 0 = -q*p + 51 + 64. What is the units digit of p?
3
Suppose -2*q + 4 = f, -2*q = -4*f - 5*q + 21. Let y be 21/14 + (-27)/f. What is the units digit of (y + (95 - -2))/2?
7
Let b be (6/(-4))/(66/(-88)). Let m(n) = 12*n**2 + n + 3. What is the units digit of m(b)?
3
Let r be -2 - -2 - 1*4. What is the units digit of 2*r/32*-4?
1
Let q(n) = -8*n - 2*n - 8 - 10*n**2 + 7*n**2. Let x be q(-6). Let v = x - -94. What is the units digit of v?
8
Let q be ((-1164)/(-18) - -2)*72/15. Let f = q - 170. What is the tens digit of f?
5
Let f = -45 - -73. Let g(s) = 2*s**2 - 5*s + 3. Let x be g(4). Let t = f - x. What is the tens digit of t?
1
Suppose -3*f + 4*i = -7140, -5*f + 4*i = 7*i - 11900. What is the thousands digit of f?
2
Suppose 0 = -163*g + 161*g + 284. Let i = g - -152. What is the units digit of i?
4
Let x(s) = s**2 - 7*s - 6. Let t be x(7). Suppose 0 = -5*h + 5*y + 100, 6*h = 4*h + 5*y + 46. What is the tens digit of (96/h)/((-1)/t)?
3
Let d = -4 + 0. Let f = 4 + d. Suppose -4*m + f = -4. What is the units digit of m?
1
Let b(c) = 7*c**2 + 16*c - 9. Let q(a) = 6*a**2 + 15*a - 9. Let u(t) = 5*b(t) - 6*q(t). What is the units digit of u(-8)?
5
Let v(w) = 11 - 5 - 7*w + 14*w + w**2. Let g be v(-4). What is the tens digit of 165/(-25)*(1 + g)?
3
Suppose 0 = -4*u - 0 - 8. Let d(a) = 12*a**2 + 5*a + 4. What is the tens digit of d(u)?
4
Let t = -5 + 5. Suppose z + 13 = -t*z. Let y = -11 - z. What is the units digit of y?
2
Let g(d) = -d + 6. Let m be g(6). Suppose 2*q - 2*l = -5*l - 1, q + 4*l + 8 = m. Suppose -2*h + 4*h + 52 = q*k, 80 = 4*k + 5*h. What is the units digit of k?
5
Let y = -52 + 142. Suppose 5*w - y = -5*g + 7*w, 4*g - 95 = -3*w. Suppose -4*m + 5*p + 80 - g = 0, -2*m + 3*p + 30 = 0. What is the units digit of m?
5
Suppose -22*g + 19087 = -2561. What is the hundreds digit of g?
9
Suppose 10*z - 12*z = 20. What is the tens digit of 1968/40 - 8/z?
5
Let d be 70/28*(1 - -1). Suppose -4*w - q + 201 = 0, d*w = w + 4*q + 176. What is the tens digit of w?
4
Suppose 9*b + 2*d - 94 = 6*b, 0 = -3*b + 5*d + 122. Let u(v) = v**3 - 5*v**2 - 2*v - 3. Let t be u(6). Let m = b - t. What is the units digit of m?
3
Suppose 925 = 4*y - 175. Suppose -3*n + 5*v + y = 0, 6*v = 4*v + 4. What is the units digit of n?
5
Suppose -13*d + 11*d = -56. Suppose -6*s + d = -2*s. What is the units digit of s?
7
Suppose -66*w = -60*w - 24. What is the units digit of 12/48 - (-275)/w?
9
Let x be (-6)/(-8)*1600/4. Suppose 4*n - l - 427 + 22 = 0, -3*l + x = 3*n. What is the tens digit of n?
0
Let c(b) = -b**3 + 3*b**2 + 4*b - 3. Let r be c(3). Suppose 6*l - 8*l + 30 = 0. Let z = l - r. What is the units digit of z?
6
Let g(b) = 29*b - 12 - b**3 - 21*b**2 - 30*b + 0*b**2 - b**2. What is the units digit of g(-22)?
0
Suppose 0 = 4*o - 29 - 23. Let q = 1 + 0. What is the tens digit of o*(q + 0)*1?
1
Let a(h) = h**3 + 19*h**2 + 10*h - 16. Suppose -5*t - 79 = 11. What is the tens digit of a(t)?
2
Suppose -3*a + 0*t + 7 = -t, 0 = -4*t + 8. Suppose 2*d - a*p + 20 = 6*d, 0 = 2*d - 3*p + 8. Suppose 25 = d*q - 49. What is the tens digit of q?
3
Let c(u) = 5 + 4 - 9*u - 16. What is the tens digit of c(-13)?
1
Let g(y) = -4*y + 2. Let s be g(-2). Suppose 5*p - s = 5*j, 0*j + 21 = 2*j + 3*p. Suppose -4*l + 2*l + 3*h = -32, -j*h = -4*l + 64. What is the tens digit of l?
1
Suppose 635 + 1323 = 2*i + 4*o, i - 4*o = 991. What is the hundreds digit of i?
9
Suppose -982*r = -970*r - 6492. What is the tens digit of r?
4
Let a(h) = h + 16. What is the t